{"id":1016,"date":"2023-04-18T10:34:26","date_gmt":"2023-04-18T08:34:26","guid":{"rendered":"https:\/\/a3copiseny.com\/impresxa3\/?post_type=product&#038;p=1016"},"modified":"2025-06-26T21:20:08","modified_gmt":"2025-06-26T19:20:08","slug":"coleccion-tribal-2","status":"publish","type":"product","link":"https:\/\/a3copiseny.com\/impresxa3\/coleccion-tribal-2\/","title":{"rendered":"Colecci\u00f3n tribal 2"},"content":{"rendered":"<p>\u00a1Descubre nuestra <strong>Colecci\u00f3n tribal 2<\/strong>! Este set incluye 4 dise\u00f1os de tatuajes temporales \u00fanicos con motivos tribales y un toque de pintura acuarela, perfectos para expresar tu estilo y personalidad. Cada tatuaje est\u00e1 dise\u00f1ado con detalles de pintura al agua y se aplica f\u00e1cilmente en la piel. Ya sea que busques un toque tribal para un evento especial o simplemente quieras lucir un look distintivo, nuestra colecci\u00f3n de tatuajes tribales es la opci\u00f3n perfecta. \u00a1Atr\u00e9vete a destacar con estos tatuajes inspirados en la cultura tribal!<\/p>\n<p>La longitud aproximada de cada tatuaje es de 95 a 100mm. \u00bfNo es medida perfecta para ti? No te preocupes, estamos para ayudarte. Ponte en <strong><a href=\"https:\/\/a3copiseny.com\/impresxa3\/contacto\/\" target=\"_blank\" rel=\"noopener\">contacto con nosotros<\/a><\/strong> para solicitar una medida personalizada.<\/p>\n<p>Las zonas blancas quedar\u00e1n \u00abhuecas\u00bb para que se vea la piel de fondo. Se entrega la hoja A5 entera para que recortes cada tatuaje.<\/p>\n<hr \/>\n<h4>Recomendaciones para aplicar los tatuajes temporales:<\/h4>\n<ol>\n<li>Limpia y seca completamente la zona de piel donde quieras poner el tatuaje.<\/li>\n<li>Retira la protecci\u00f3n transparente.<\/li>\n<li>Pon el lado donde est\u00e1 el tatuaje contra la piel.<\/li>\n<li>Moja el tatuaje con una esponja empapada en agua presionando cuidadosamente.<\/li>\n<li>Espera 20-30 segundos sin moverlo.<\/li>\n<li>Haz deslizar el papel suavemente.<\/li>\n<li>Despu\u00e9s que el tatuaje se seque (aproximadamente 5 minutos), enjuagar suavemente con agua y jab\u00f3n para que resulte m\u00e1s realista.<\/li>\n<\/ol>\n<p>Elaboramos los tatuajes temporales con materiales de primera calidad y mediante impresoras de alta resoluci\u00f3n.<br \/>\nPor supuesto nuestros tatuajes son totalmente hipoalerg\u00e9nicos y at\u00f3xicos.<\/p>\n<p>NOTA: <strong>No aplicar en pieles sensibles o cerca de los ojos<\/strong>. Para quitar el tatuaje hay que empapar el tatuaje con aceite corporal, crema o alcohol; esperar 20 segundos y despu\u00e9s frotar con un algod\u00f3n.<\/p>\n<p>Los tatuajes temporales duran alrededor de 5-10 d\u00edas, dependiendo del roce y lavados que reciban.<\/p>\n","protected":false},"excerpt":{"rendered":"<h3>4 dise\u00f1os \u00fanicos inspirados en la cultura tribal y toques de acuarela. \u00a1Destaca con estilo!<\/h3>\n","protected":false},"featured_media":1026,"comment_status":"open","ping_status":"closed","template":"","meta":{"_monsterinsights_skip_tracking":false,"_monsterinsights_sitenote_active":false,"_monsterinsights_sitenote_note":"","_monsterinsights_sitenote_category":0},"product_brand":[],"product_cat":[43,45],"product_tag":[79,77,75,78,82,74,81,80,76],"class_list":{"0":"post-1016","1":"product","2":"type-product","3":"status-publish","4":"has-post-thumbnail","6":"product_cat-tatuajes","7":"product_cat-tribales","8":"product_tag-accesorios-etnicos","9":"product_tag-arte-corporal-temporal","10":"product_tag-coleccion-tribal","11":"product_tag-diseno-de-tatuajes","12":"product_tag-tatuajes-de-moda-temporales","13":"product_tag-tatuajes-temporales","14":"product_tag-tatuajes-temporales-de-estilo-tribal","15":"product_tag-tatuajes-temporales-personalizados","16":"product_tag-tatuajes-temporales-tribales","18":"first","19":"instock","20":"sale","21":"taxable","22":"shipping-taxable","23":"purchasable","24":"product-type-simple"},"_links":{"self":[{"href":"https:\/\/a3copiseny.com\/impresxa3\/wp-json\/wp\/v2\/product\/1016","targetHints":{"allow":["GET"]}}],"collection":[{"href":"https:\/\/a3copiseny.com\/impresxa3\/wp-json\/wp\/v2\/product"}],"about":[{"href":"https:\/\/a3copiseny.com\/impresxa3\/wp-json\/wp\/v2\/types\/product"}],"replies":[{"embeddable":true,"href":"https:\/\/a3copiseny.com\/impresxa3\/wp-json\/wp\/v2\/comments?post=1016"}],"wp:featuredmedia":[{"embeddable":true,"href":"https:\/\/a3copiseny.com\/impresxa3\/wp-json\/wp\/v2\/media\/1026"}],"wp:attachment":[{"href":"https:\/\/a3copiseny.com\/impresxa3\/wp-json\/wp\/v2\/media?parent=1016"}],"wp:term":[{"taxonomy":"product_brand","embeddable":true,"href":"https:\/\/a3copiseny.com\/impresxa3\/wp-json\/wp\/v2\/product_brand?post=1016"},{"taxonomy":"product_cat","embeddable":true,"href":"https:\/\/a3copiseny.com\/impresxa3\/wp-json\/wp\/v2\/product_cat?post=1016"},{"taxonomy":"product_tag","embeddable":true,"href":"https:\/\/a3copiseny.com\/impresxa3\/wp-json\/wp\/v2\/product_tag?post=1016"}],"curies":[{"name":"wp","href":"https:\/\/api.w.org\/{rel}","templated":true}]}}