{"id":1151,"date":"2023-05-19T22:06:59","date_gmt":"2023-05-19T20:06:59","guid":{"rendered":"https:\/\/a3copiseny.com\/impresxa3\/?post_type=product&#038;p=1151"},"modified":"2025-06-26T21:20:08","modified_gmt":"2025-06-26T19:20:08","slug":"pegatinas-personalizadas-polipropileno-8x1","status":"publish","type":"product","link":"https:\/\/a3copiseny.com\/impresxa3\/pegatinas-personalizadas-polipropileno-8x1\/","title":{"rendered":"Pegatinas Personalizadas Polipropileno 8&#215;1"},"content":{"rendered":"<h3><strong>Pegatinas Personalizadas Polipropileno 8&#215;1. Obt\u00e9n 8 etiquetas de \u00f864 mm impresas sobre material adhesivo polipropileno brillante por tan solo 1\u20ac<\/strong><\/h3>\n<p>El polipropileno brillante ofrece numerosas ventajas respecto a otros materiales, como una excelente resistencia al agua y durabilidad, lo que garantiza que tus etiquetas se mantendr\u00e1n en perfecto estado incluso en condiciones adversas. Adem\u00e1s, su brillo intenso realzar\u00e1 el dise\u00f1o, a\u00f1adiendo un toque de profesionalidad y elegancia a tus productos o regalos. Aprovecha esta oferta exclusiva y crea etiquetas personalizadas \u00fanicas y de alta calidad a un precio inmejorable. <strong>Hemos destinado una cantidad limitada para esta promoci\u00f3n. \u00a1No pierdas esta oportunidad!<\/strong><\/p>\n<h4><strong>Sigue estos 3 pasos para personalizar tu pegatina<\/strong><\/h4>\n<p><strong>1- Haz clic sobre una de las im\u00e1genes que ves abajo y guarda el archivo PSD en tu ordenador.<\/strong><\/p>\n<table style=\"width: 500px; height: 1080px; background-color: #8fadad;\" border=\"0\" cellspacing=\"0\" cellpadding=\"0\">\n<tbody>\n<tr>\n<td style=\"text-align: center; background-color: #8fadad;\" data-wp-editing=\"1\"><a href=\"https:\/\/a3copiseny.com\/PSD\/pegatina_orla01.psd\"><img loading=\"lazy\" decoding=\"async\" class=\"aligncenter wp-image-1125 size-full\" src=\"https:\/\/a3copiseny.com\/impresxa3\/wp-content\/uploads\/2023\/05\/orla-pegatina_1.png\" alt=\"Etiqueta aniversario\" width=\"200\" height=\"200\" srcset=\"https:\/\/a3copiseny.com\/impresxa3\/wp-content\/uploads\/2023\/05\/orla-pegatina_1.png 200w, https:\/\/a3copiseny.com\/impresxa3\/wp-content\/uploads\/2023\/05\/orla-pegatina_1-150x150.png 150w, https:\/\/a3copiseny.com\/impresxa3\/wp-content\/uploads\/2023\/05\/orla-pegatina_1-100x100.png 100w\" sizes=\"auto, (max-width: 200px) 100vw, 200px\" \/><\/a><strong>Orla 01<\/strong><\/td>\n<td style=\"text-align: center; background-color: #8fadad;\"><a href=\"https:\/\/a3copiseny.com\/PSD\/pegatina_orla02.psd\"><img loading=\"lazy\" decoding=\"async\" class=\"aligncenter wp-image-1126 size-full\" src=\"https:\/\/a3copiseny.com\/impresxa3\/wp-content\/uploads\/2023\/05\/orla-pegatina_2.png\" alt=\"Etiqueta aniversario\" width=\"200\" height=\"200\" srcset=\"https:\/\/a3copiseny.com\/impresxa3\/wp-content\/uploads\/2023\/05\/orla-pegatina_2.png 200w, https:\/\/a3copiseny.com\/impresxa3\/wp-content\/uploads\/2023\/05\/orla-pegatina_2-150x150.png 150w, https:\/\/a3copiseny.com\/impresxa3\/wp-content\/uploads\/2023\/05\/orla-pegatina_2-100x100.png 100w\" sizes=\"auto, (max-width: 200px) 100vw, 200px\" \/><\/a><strong>Orla 02<\/strong><\/td>\n<\/tr>\n<tr>\n<td style=\"text-align: center; background-color: #8fadad;\"><a href=\"https:\/\/a3copiseny.com\/PSD\/pegatina_orla03.psd\"><img loading=\"lazy\" decoding=\"async\" class=\"aligncenter wp-image-1127 size-full\" src=\"https:\/\/a3copiseny.com\/impresxa3\/wp-content\/uploads\/2023\/05\/orla-pegatina_3.png\" alt=\"Etiqueta aniversario\" width=\"200\" height=\"200\" srcset=\"https:\/\/a3copiseny.com\/impresxa3\/wp-content\/uploads\/2023\/05\/orla-pegatina_3.png 200w, https:\/\/a3copiseny.com\/impresxa3\/wp-content\/uploads\/2023\/05\/orla-pegatina_3-150x150.png 150w, https:\/\/a3copiseny.com\/impresxa3\/wp-content\/uploads\/2023\/05\/orla-pegatina_3-100x100.png 100w\" sizes=\"auto, (max-width: 200px) 100vw, 200px\" \/><\/a><strong>Orla 03<\/strong><\/td>\n<td style=\"text-align: center; background-color: #8fadad;\"><a href=\"https:\/\/a3copiseny.com\/PSD\/pegatina_orla04.psd\"><img loading=\"lazy\" decoding=\"async\" class=\"aligncenter wp-image-1128 size-full\" src=\"https:\/\/a3copiseny.com\/impresxa3\/wp-content\/uploads\/2023\/05\/orla-pegatina_4.png\" alt=\"Etiqueta aniversario\" width=\"200\" height=\"200\" srcset=\"https:\/\/a3copiseny.com\/impresxa3\/wp-content\/uploads\/2023\/05\/orla-pegatina_4.png 200w, https:\/\/a3copiseny.com\/impresxa3\/wp-content\/uploads\/2023\/05\/orla-pegatina_4-150x150.png 150w, https:\/\/a3copiseny.com\/impresxa3\/wp-content\/uploads\/2023\/05\/orla-pegatina_4-100x100.png 100w\" sizes=\"auto, (max-width: 200px) 100vw, 200px\" \/><\/a><strong>Orla 04<\/strong><\/td>\n<\/tr>\n<tr>\n<td style=\"text-align: center; background-color: #8fadad;\"><a href=\"https:\/\/a3copiseny.com\/PSD\/pegatina_orla05.psd\"><img loading=\"lazy\" decoding=\"async\" class=\"aligncenter wp-image-1129 size-full\" src=\"https:\/\/a3copiseny.com\/impresxa3\/wp-content\/uploads\/2023\/05\/orla-pegatina_5.png\" alt=\"Etiqueta aniversario\" width=\"200\" height=\"200\" srcset=\"https:\/\/a3copiseny.com\/impresxa3\/wp-content\/uploads\/2023\/05\/orla-pegatina_5.png 200w, https:\/\/a3copiseny.com\/impresxa3\/wp-content\/uploads\/2023\/05\/orla-pegatina_5-150x150.png 150w, https:\/\/a3copiseny.com\/impresxa3\/wp-content\/uploads\/2023\/05\/orla-pegatina_5-100x100.png 100w\" sizes=\"auto, (max-width: 200px) 100vw, 200px\" \/><\/a><strong>Orla 05<\/strong><\/td>\n<td style=\"text-align: center; background-color: #8fadad;\"><a href=\"https:\/\/a3copiseny.com\/PSD\/pegatina_orla06.psd\"><img loading=\"lazy\" decoding=\"async\" class=\"aligncenter wp-image-1130 size-full\" src=\"https:\/\/a3copiseny.com\/impresxa3\/wp-content\/uploads\/2023\/05\/orla-pegatina_6.png\" alt=\"Etiqueta aniversario\" width=\"200\" height=\"200\" srcset=\"https:\/\/a3copiseny.com\/impresxa3\/wp-content\/uploads\/2023\/05\/orla-pegatina_6.png 200w, https:\/\/a3copiseny.com\/impresxa3\/wp-content\/uploads\/2023\/05\/orla-pegatina_6-150x150.png 150w, https:\/\/a3copiseny.com\/impresxa3\/wp-content\/uploads\/2023\/05\/orla-pegatina_6-100x100.png 100w\" sizes=\"auto, (max-width: 200px) 100vw, 200px\" \/><\/a><strong>Orla 06<\/strong><\/td>\n<\/tr>\n<tr>\n<td style=\"text-align: center; background-color: #8fadad;\"><a href=\"https:\/\/a3copiseny.com\/PSD\/pegatina_orla07.psd\"><img loading=\"lazy\" decoding=\"async\" class=\"aligncenter wp-image-1131 size-full\" src=\"https:\/\/a3copiseny.com\/impresxa3\/wp-content\/uploads\/2023\/05\/orla-pegatina_7.png\" alt=\"Etiqueta aniversario\" width=\"200\" height=\"200\" srcset=\"https:\/\/a3copiseny.com\/impresxa3\/wp-content\/uploads\/2023\/05\/orla-pegatina_7.png 200w, https:\/\/a3copiseny.com\/impresxa3\/wp-content\/uploads\/2023\/05\/orla-pegatina_7-150x150.png 150w, https:\/\/a3copiseny.com\/impresxa3\/wp-content\/uploads\/2023\/05\/orla-pegatina_7-100x100.png 100w\" sizes=\"auto, (max-width: 200px) 100vw, 200px\" \/><\/a><strong>Orla 07<\/strong><\/td>\n<td style=\"text-align: center; background-color: #8fadad;\"><a href=\"https:\/\/a3copiseny.com\/PSD\/pegatina_orla08.psd\"><img loading=\"lazy\" decoding=\"async\" class=\"aligncenter wp-image-1132 size-full\" src=\"https:\/\/a3copiseny.com\/impresxa3\/wp-content\/uploads\/2023\/05\/orla-pegatina_8.png\" alt=\"Etiqueta aniversario\" width=\"200\" height=\"200\" srcset=\"https:\/\/a3copiseny.com\/impresxa3\/wp-content\/uploads\/2023\/05\/orla-pegatina_8.png 200w, https:\/\/a3copiseny.com\/impresxa3\/wp-content\/uploads\/2023\/05\/orla-pegatina_8-150x150.png 150w, https:\/\/a3copiseny.com\/impresxa3\/wp-content\/uploads\/2023\/05\/orla-pegatina_8-100x100.png 100w\" sizes=\"auto, (max-width: 200px) 100vw, 200px\" \/><\/a><strong>Orla 08<\/strong><\/td>\n<\/tr>\n<\/tbody>\n<\/table>\n<p><strong>2- Accede a <a href=\"https:\/\/www.photopea.com\/\" target=\"_blank\" rel=\"noopener\">photopea.com<\/a> y abre el archivo PSD que has descargado. <\/strong><strong>Selecciona la herramienta de Texto (T), haz clic sobre un texto y ed\u00edtalo. Repite la operaci\u00f3n seleccionando de nuevo la herramienta de Texto.<\/strong><\/p>\n<p><img loading=\"lazy\" decoding=\"async\" class=\"wp-image-1143 size-full alignnone\" src=\"https:\/\/a3copiseny.com\/impresxa3\/wp-content\/uploads\/2023\/05\/editar-texto-pegatina-regalo.gif\" alt=\"Editar texto photopea\" width=\"646\" height=\"634\" \/><\/p>\n<p><strong>3- Cuando termines, accede al men\u00fa: \u00abInicio \/ Guardar como PSD\u00bb y escribe un nombre nuevo para el archivo de tu pegatina.<\/strong><\/p>\n<p><img loading=\"lazy\" decoding=\"async\" class=\"alignnone wp-image-1144 size-full\" src=\"https:\/\/a3copiseny.com\/impresxa3\/wp-content\/uploads\/2023\/05\/guardar-pegatina-regalo.gif\" alt=\"guardar psd photopea\" width=\"669\" height=\"514\" \/><\/p>\n<h3><strong>\u00a1Listo! ya tienes el archivo PSD personalizado para adjuntar a tu pedido.*<\/strong><\/h3>\n<p>*Las plantillas descargables llevan una marca de agua que obviamente retiraremos al imprimir.<br \/>\nMuy pronto a\u00f1adiremos <strong><a href=\"https:\/\/a3copiseny.com\/plantillas-descargables\/\" target=\"_blank\" rel=\"noopener\">m\u00e1s plantillas descargables en esta p\u00e1gina<\/a><\/strong>.<br \/>\nEn <a title=\"Texto en Photopea: Herramienta y tipos de texto\" href=\"https:\/\/a3copiseny.com\/edicion-de-texto-en-photopea-caracter-y-formato\/\" target=\"_blank\" rel=\"noopener\"><strong>este art\u00edculo<\/strong><\/a> tienes m\u00e1s informaci\u00f3n acerca de la edici\u00f3n de texto en Photopea.<\/p>\n<p><strong>Notas sobre la edici\u00f3n<\/strong><\/p>\n<ol>\n<li>Cada vez que quieras editar un texto, <strong>no olvides seleccionar SIEMPRE DE NUEVO la herramienta de Texto<\/strong>, pese a que ya la tengas seleccionada.<\/li>\n<li>Por supuesto, tambi\u00e9n puedes borrar textos y dejarlos en blanco, como por ejemplo el nombre o la fecha, para luego escribirlos manualmente pero ten en cuenta que sobre el polipropileno s\u00f3lo podr\u00e1s escribir con rotuladores de tinta permanente.<\/li>\n<li>Procura que los textos que escribas no pisen partes significativas y oscuras del dibujo de la orla.<\/li>\n<li>No dudes en preguntarnos si tienes cualquier duda.<\/li>\n<\/ol>\n<hr \/>\n<p><strong>Caracter\u00edsticas t\u00e9cnicas:<\/strong><\/p>\n<ul>\n<li>Adhesivo <strong>Polipropileno Brillante<\/strong>.<\/li>\n<li>Las etiquetas se entregan en hojas sueltas o rollo de 330mm. en en funci\u00f3n de la cantidad solicitada.<\/li>\n<li>Cada etiqueta va cortada mediante semicorte al que retiramos la malla de material adhesivo residual para una f\u00e1cil manipulaci\u00f3n.<\/li>\n<li>Di\u00e1metro: \u00f864 mm<\/li>\n<li>Corte de alta precisi\u00f3n mediante plotter, que, a diferencia del corte l\u00e1ser, evita el amarilleo de los bordes del soporte.<\/li>\n<li>Alta calidad de impresi\u00f3n sobre materiales duraderos y resistentes.<\/li>\n<li>Oferta especial 8&#215;1\u20ac, cada unidad que a\u00f1adas al carrito corresponde a <strong>8 etiquetas del mismo modelo<\/strong>.<\/li>\n<li>Normalmente tus etiquetas personalizadas ser\u00e1n enviadas en un plazo de 2 a 3 d\u00edas.<\/li>\n<\/ul>\n<p><strong>Consideraciones para la colocaci\u00f3n de etiquetas:<\/strong><\/p>\n<ol>\n<li>Aseg\u00farate de que la superficie donde las pegues est\u00e9 completamente limpia de polvo, suciedad y, sobre todo, grasa.<\/li>\n<li>Manipula las etiquetas con las manos reci\u00e9n lavadas o, incluso, considera usar guantes nuevos de l\u00e1tex o nitrilo para evitar cualquier transferencia de grasa.<\/li>\n<li>La m\u00e1xima adherencia se logra despu\u00e9s de transcurridas 48 horas desde la colocaci\u00f3n de la etiqueta.<\/li>\n<\/ol>\n","protected":false},"excerpt":{"rendered":"<h3>Ideal para resaltar tus productos o regalos. \u00a1Aprovecha esta oferta \u00fanica hoy mismo! <strong>Oferta hasta agotar stock.<\/strong><\/h3>\n","protected":false},"featured_media":1153,"comment_status":"open","ping_status":"closed","template":"","meta":{"_monsterinsights_skip_tracking":false,"_monsterinsights_sitenote_active":false,"_monsterinsights_sitenote_note":"","_monsterinsights_sitenote_category":0},"product_brand":[],"product_cat":[33,40],"product_tag":[68,104,103,105,107,102,101,106,109,108],"class_list":{"0":"post-1151","1":"product","2":"type-product","3":"status-publish","4":"has-post-thumbnail","6":"product_cat-etiquetas-adhesivas","7":"product_cat-formato-estandar","8":"product_tag-decoracion-personalizada","9":"product_tag-diseno-de-pegatina","10":"product_tag-etiqueta-de-celebracion","11":"product_tag-etiqueta-de-regalo-personalizada","12":"product_tag-etiquetas-de-regalo-de-celebracion","13":"product_tag-pegatina-de-regalo","14":"product_tag-pegatina-personalizada","15":"product_tag-pegatinas-para-fiestas","16":"product_tag-personalizacion-de-pegatinas","17":"product_tag-regalos-para-fiestas","19":"first","20":"outofstock","21":"sale","22":"taxable","23":"shipping-taxable","24":"purchasable","25":"product-type-simple"},"_links":{"self":[{"href":"https:\/\/a3copiseny.com\/impresxa3\/wp-json\/wp\/v2\/product\/1151","targetHints":{"allow":["GET"]}}],"collection":[{"href":"https:\/\/a3copiseny.com\/impresxa3\/wp-json\/wp\/v2\/product"}],"about":[{"href":"https:\/\/a3copiseny.com\/impresxa3\/wp-json\/wp\/v2\/types\/product"}],"replies":[{"embeddable":true,"href":"https:\/\/a3copiseny.com\/impresxa3\/wp-json\/wp\/v2\/comments?post=1151"}],"wp:featuredmedia":[{"embeddable":true,"href":"https:\/\/a3copiseny.com\/impresxa3\/wp-json\/wp\/v2\/media\/1153"}],"wp:attachment":[{"href":"https:\/\/a3copiseny.com\/impresxa3\/wp-json\/wp\/v2\/media?parent=1151"}],"wp:term":[{"taxonomy":"product_brand","embeddable":true,"href":"https:\/\/a3copiseny.com\/impresxa3\/wp-json\/wp\/v2\/product_brand?post=1151"},{"taxonomy":"product_cat","embeddable":true,"href":"https:\/\/a3copiseny.com\/impresxa3\/wp-json\/wp\/v2\/product_cat?post=1151"},{"taxonomy":"product_tag","embeddable":true,"href":"https:\/\/a3copiseny.com\/impresxa3\/wp-json\/wp\/v2\/product_tag?post=1151"}],"curies":[{"name":"wp","href":"https:\/\/api.w.org\/{rel}","templated":true}]}}