{"id":1400,"date":"2023-10-19T00:09:56","date_gmt":"2023-10-18T22:09:56","guid":{"rendered":"https:\/\/a3copiseny.com\/impresxa3\/?post_type=product&#038;p=1400"},"modified":"2026-03-06T18:16:43","modified_gmt":"2026-03-06T17:16:43","slug":"mascaras-y-caretas-personalizadas-para-fiestas-y-eventos","status":"publish","type":"product","link":"https:\/\/a3copiseny.com\/impresxa3\/mascaras-y-caretas-personalizadas-para-fiestas-y-eventos\/","title":{"rendered":"M\u00e1scaras y Caretas Personalizadas para Fiestas y Eventos"},"content":{"rendered":"<p>En A3 COPISENY, creemos que los momentos especiales merecen un enfoque personalizado. \u00a1A\u00f1ade diversi\u00f3n y originalidad a tus celebraciones con nuestras M\u00e1scaras y Caretas Personalizadas para Fiestas y Eventos! Prep\u00e1rate para crear recuerdos inolvidables y muchas risas.<\/p>\n<h3>\u00bfQu\u00e9 nos hace \u00fanicos?<\/h3>\n<p>Nos esforzamos por superar las expectativas. A diferencia de la mayor\u00eda de nuestros competidores, ofrecemos un producto excepcional con un valor agregado:<\/p>\n<ul>\n<li><strong>Tama\u00f1o Superior:<\/strong> Casi todos imprimen en formato DIN A4, que suele ser peque\u00f1o para algunas caras. Nosotros imprimimos en un generoso tama\u00f1o de 22 x 31 cm.<\/li>\n<li><strong>Cartulina de calidad y gruesa de verdad:<\/strong> Mientras otros utilizan materiales b\u00e1sicos de 200\/250 gramos, nosotros optamos por cartulina de 350 gramos de alta calidad.<\/li>\n<li><strong data-start=\"76\" data-end=\"155\">Sistema de mejora y recuperaci\u00f3n facial mediante inteligencia artificial:<\/strong> Aplicado cuando la imagen proporcionada no cuenta con suficiente resoluci\u00f3n o detalle, para optimizar el resultado final de la careta. <em data-start=\"291\" data-end=\"410\">Antes de imprimir, te enviaremos una muestra por correo electr\u00f3nico o WhatsApp para que puedas revisarla y aprobarla.<\/em><\/li>\n<li><strong>Sistema de sujeci\u00f3n <em>Clean Face<\/em> (Opcional)<\/strong>: Reimaginamos la manera de evitar agujeros antiest\u00e9ticos para sostener la goma. Desarrollamos un m\u00e9todo mediante adhesivos para decir adi\u00f3s a las perforaciones y nudos visibles en la parte frontal de la careta.<\/li>\n<li><strong>Env\u00edanos el trazado de recorte (Opcional)<\/strong>: Si sabes como hacerlo, puedes crear la forma de corte. Nosotros posteriormente la supervisaremos.<\/li>\n<li><strong>Espuma salva nariz (Opcional):<\/strong> Si vas a utilizar la careta durante tiempos prolongados, te proponemos a\u00f1adir comodidad mediante una espuma gruesa con adhesivo que se coloca en la parte superior del reverso de la careta.<\/li>\n<\/ul>\n<p><img loading=\"lazy\" decoding=\"async\" class=\"aligncenter size-full wp-image-1736\" src=\"https:\/\/a3copiseny.com\/impresxa3\/wp-content\/uploads\/2023\/10\/espuma-salva-nariz-careta-a3copiseny.webp\" alt=\"espuma-salva-nariz-careta-a3copiseny\" width=\"600\" height=\"378\" srcset=\"https:\/\/a3copiseny.com\/impresxa3\/wp-content\/uploads\/2023\/10\/espuma-salva-nariz-careta-a3copiseny.webp 600w, https:\/\/a3copiseny.com\/impresxa3\/wp-content\/uploads\/2023\/10\/espuma-salva-nariz-careta-a3copiseny-512x323.webp 512w, https:\/\/a3copiseny.com\/impresxa3\/wp-content\/uploads\/2023\/10\/espuma-salva-nariz-careta-a3copiseny-416x262.webp 416w\" sizes=\"auto, (max-width: 600px) 100vw, 600px\" \/> Esto har\u00e1 que el centro de la careta apoye sobre nuestra nariz y la espuma repose en nuestra frente. Esta disposici\u00f3n mantiene la careta m\u00e1s perpendicular a nuestra cara, ofreciendo un mejor aspecto desde el exterior y gran comodidad durante largas horas de uso.<\/p>\n<h3><strong>Sobre las fotos de baja calidad para m\u00e1scaras y caretas personalizadas<\/strong><\/h3>\n<p>Nos hemos dado cuenta de que en muchos casos, las im\u00e1genes que recibimos para imprimir las caretas personalizadas tienen una calidad muy baja. Sabemos lo dif\u00edcil que puede ser encontrar fotograf\u00edas de personas en vista frontal y con alta resoluci\u00f3n para este prop\u00f3sito. Es por eso que <strong>hemos invertido en un sistema de mejora y recuperaci\u00f3n facial mediante inteligencia artificial\u00a0que aumenta significativamente la calidad y el detalle de las im\u00e1genes de manera sorprendente<\/strong>, y lo mejor de todo es que <strong>ofrecemos este servicio sin ning\u00fan coste adicional para ti<\/strong>.<\/p>\n<p>Si detectamos que la imagen que nos env\u00edas tiene una baja calidad, te enviaremos una muestra comparativa de la foto mejorada con inteligencia artificial antes de imprimir tus caretas. Queremos asegurarnos de que est\u00e9s completamente satisfecho\/a con el resultado final.<\/p>\n<p><strong>IMPORTANTE:<\/strong> Para obtener los mejores resultados, aseg\u00farate de que la imagen para la careta tenga una alta resoluci\u00f3n, buena iluminaci\u00f3n con sombras suaves, <strong>sin elementos que obstruyan la cara y mirando de frente<\/strong>.<\/p>\n<p><strong>Nota:<\/strong> Cuando se soliciten \u00fanicamente los agujeros para los ojos, se mantendr\u00e1 el fondo original de la fotograf\u00eda sin alteraciones. Solo se rotar\u00e1 la imagen si es necesario para asegurar que los ojos queden centrados y alineados horizontalmente.<\/p>\n<h3>Opciones para tus caretas personalizadas<\/h3>\n<ol>\n<li><strong>Selecciona la Opci\u00f3n de Corte:<\/strong>\n<ul>\n<li><strong>Solamente los agujeros de los ojos:<\/strong> En este caso \u00fanicamente incluiremos los agujeros de los ojos. Deber\u00e1s recortar manualmente con unas tijeras el contorno de la cara.<\/li>\n<li><strong>Ojos + Contorno completo de la careta:<\/strong> Adem\u00e1s de los ojos, cortaremos con gran precisi\u00f3n el contorno completo de la cara.\n<ul>\n<li>En este caso se desplegar\u00e1 la opci\u00f3n para indicar si tu vas a crear el trazado de corte del contorno de la cara y nos lo enviar\u00e1s junto a la imagen en un PDF, en cuyo caso obtendr\u00e1s un peque\u00f1o descuento. Pero si no quieres complicarte la vida, conf\u00eda en nuestra profesionalidad y d\u00e9jalo en nuestras manos.<strong>*<\/strong><\/li>\n<\/ul>\n<\/li>\n<\/ul>\n<\/li>\n<li><strong>Selecciona si quieres goma<\/strong>. Si optas por ello, incluiremos las gomas (sin montar o montadas seg\u00fan elijas) con nuestro sistema de sujeci\u00f3n <strong><em>Clean Face<\/em><\/strong> mediante adhesivos.<\/li>\n<li><strong>\u00bfPrefieres un palo de cart\u00f3n?<\/strong> Decide si deseas que agreguemos una tira de cart\u00f3n grueso con adhesivo en un extremo. Elije si lo quieres montado.<\/li>\n<li><strong>Elige espuma salva nariz<\/strong> para disfrutar de una mayor comodidad durante horas de uso. Elije si la quieres sin montar o montada por nosotros.<\/li>\n<li><strong>Adjunta el archivo personalizado<\/strong>. Utiliza el formato de imagen JPG o PNG. En caso que incluyas la forma de corte, recuerda guardar tu archivo en formato PDF.<\/li>\n<li><strong>Selecciona la cantidad<\/strong>, a\u00f1ade al carrito, revisa los dados y completa tu pedido. \u00a1Listo para la diversi\u00f3n!<\/li>\n<\/ol>\n<p><strong>*<\/strong>El coste de crear la forma de corte es un cargo fijo y global, independiente del n\u00famero total de copias solicitadas.<br \/>\nSi deseas crear varias caras distintas, deber\u00e1s agregarlas como productos independientes al carrito, junto con sus archivos correspondientes y la cantidad de copias deseada.<\/p>\n<h3>Nuestras M\u00e1scaras de Caras Personalizadas son perfectas para:<\/h3>\n<ul>\n<li><strong>Fiestas de Cumplea\u00f1os:<\/strong> Sorprende a tus invitados con m\u00e1scaras de caras graciosas y memorables.<\/li>\n<li><strong>Despedidas de Soltero\/a:<\/strong> A\u00f1ade un toque de diversi\u00f3n a la celebraci\u00f3n de solter\u00eda de tus amigos.<\/li>\n<li><strong>Eventos Corporativos:<\/strong> Personaliza m\u00e1scaras con el logo de tu empresa para eventos o ferias comerciales.<\/li>\n<li><strong>Fiestas Tem\u00e1ticas:<\/strong> Complementa tu fiesta tem\u00e1tica con m\u00e1scaras personalizadas que se adapten al ambiente.<\/li>\n<\/ul>\n<h4><em><strong>\u00a1Agrega un toque \u00fanico a tus eventos! La diversi\u00f3n hecha a tu medida<\/strong><\/em><\/h4>\n<h4><strong><span style=\"color: #ff0000;\">NOVEDAD:<\/span> Te invitamos tambi\u00e9n a conocer las nuevas <a href=\"https:\/\/a3copiseny.com\/impresxa3\/mascaras-y-caretas-de-calaveras-mexicanas\/\">M\u00e1scaras y Caretas de Calaveras Mexicanas<\/a><\/strong><\/h4>\n","protected":false},"excerpt":{"rendered":"<p>En A3 COPISENY, creemos que los momentos especiales merecen un enfoque personalizado. \u00a1A\u00f1ade diversi\u00f3n y originalidad a tus celebraciones con nuestras M\u00e1scaras y Caretas Personalizadas para Fiestas y Eventos! Prep\u00e1rate para crear recuerdos inolvidables y muchas risas. \u00bfQu\u00e9 nos hace \u00fanicos? Nos esforzamos por superar las expectativas. A diferencia de la mayor\u00eda de nuestros competidores, [&hellip;]<\/p>\n","protected":false},"featured_media":1445,"comment_status":"open","ping_status":"closed","template":"","meta":{"_monsterinsights_skip_tracking":false,"_monsterinsights_sitenote_active":false,"_monsterinsights_sitenote_note":"","_monsterinsights_sitenote_category":0},"product_brand":[],"product_cat":[53],"product_tag":[67,65,73,68,69,72,66,64,70,71],"class_list":{"0":"post-1400","1":"product","2":"type-product","3":"status-publish","4":"has-post-thumbnail","6":"product_cat-caretas","7":"product_tag-accesorios-para-fiestas","8":"product_tag-caretas-de-fiesta","9":"product_tag-complementos-para-eventos","10":"product_tag-decoracion-personalizada","11":"product_tag-fiestas-y-eventos","12":"product_tag-mascaras-de-carnaval","13":"product_tag-mascaras-de-eventos","14":"product_tag-mascaras-personalizadas","15":"product_tag-mascaras-tematicas","16":"product_tag-personalizacion-de-mascaras","18":"first","19":"instock","20":"featured","21":"sold-individually","22":"taxable","23":"shipping-taxable","24":"purchasable","25":"product-type-simple"},"_links":{"self":[{"href":"https:\/\/a3copiseny.com\/impresxa3\/wp-json\/wp\/v2\/product\/1400","targetHints":{"allow":["GET"]}}],"collection":[{"href":"https:\/\/a3copiseny.com\/impresxa3\/wp-json\/wp\/v2\/product"}],"about":[{"href":"https:\/\/a3copiseny.com\/impresxa3\/wp-json\/wp\/v2\/types\/product"}],"replies":[{"embeddable":true,"href":"https:\/\/a3copiseny.com\/impresxa3\/wp-json\/wp\/v2\/comments?post=1400"}],"wp:featuredmedia":[{"embeddable":true,"href":"https:\/\/a3copiseny.com\/impresxa3\/wp-json\/wp\/v2\/media\/1445"}],"wp:attachment":[{"href":"https:\/\/a3copiseny.com\/impresxa3\/wp-json\/wp\/v2\/media?parent=1400"}],"wp:term":[{"taxonomy":"product_brand","embeddable":true,"href":"https:\/\/a3copiseny.com\/impresxa3\/wp-json\/wp\/v2\/product_brand?post=1400"},{"taxonomy":"product_cat","embeddable":true,"href":"https:\/\/a3copiseny.com\/impresxa3\/wp-json\/wp\/v2\/product_cat?post=1400"},{"taxonomy":"product_tag","embeddable":true,"href":"https:\/\/a3copiseny.com\/impresxa3\/wp-json\/wp\/v2\/product_tag?post=1400"}],"curies":[{"name":"wp","href":"https:\/\/api.w.org\/{rel}","templated":true}]}}

Máscaras y Caretas Personalizadas para Fiestas y Eventos

<p>En A3 COPISENY, creemos que los momentos especiales merecen un enfoque personalizado. ¡Añade diversión y originalidad a tus celebraciones con nuestras Máscaras y Caretas Personalizadas para Fiestas y Eventos! Prepárate para crear recuerdos inolvidables y muchas risas.</p>
<h3>¿Qué nos hace únicos?</h3>
<p>Nos esforzamos por superar las expectativas. A diferencia de la mayoría de nuestros competidores, ofrecemos un producto excepcional con un valor agregado:</p>
<ul>
<li><strong>Tamaño Superior:</strong> Casi todos imprimen en formato DIN A4, que suele ser pequeño para algunas caras. Nosotros imprimimos en un generoso tamaño de 22 x 31 cm.</li>
<li><strong>Cartulina de calidad y gruesa de verdad:</strong> Mientras otros utilizan materiales básicos de 200/250 gramos, nosotros optamos por cartulina de 350 gramos de alta calidad.</li>
<li><strong data-start="76" data-end="155">Sistema de mejora y recuperación facial mediante inteligencia artificial:</strong> Aplicado cuando la imagen proporcionada no cuenta con suficiente resolución o detalle, para optimizar el resultado final de la careta. <em data-start="291" data-end="410">Antes de imprimir, te enviaremos una muestra por correo electrónico o WhatsApp para que puedas revisarla y aprobarla.</em></li>
<li><strong>Sistema de sujeción <em>Clean Face</em> (Opcional)</strong>: Reimaginamos la manera de evitar agujeros antiestéticos para sostener la goma. Desarrollamos un método mediante adhesivos para decir adiós a las perforaciones y nudos visibles en la parte frontal de la careta.</li>
<li><strong>Envíanos el trazado de recorte (Opcional)</strong>: Si sabes como hacerlo, puedes crear la forma de corte. Nosotros posteriormente la supervisaremos.</li>
<li><strong>Espuma salva nariz (Opcional):</strong> Si vas a utilizar la careta durante tiempos prolongados, te proponemos añadir comodidad mediante una espuma gruesa con adhesivo que se coloca en la parte superior del reverso de la careta.</li>
</ul>
<p><img loading="lazy" decoding="async" class="aligncenter size-full wp-image-1736" src="https://a3copiseny.com/impresxa3/wp-content/uploads/2023/10/espuma-salva-nariz-careta-a3copiseny.webp" alt="espuma-salva-nariz-careta-a3copiseny" width="600" height="378" srcset="https://a3copiseny.com/impresxa3/wp-content/uploads/2023/10/espuma-salva-nariz-careta-a3copiseny.webp 600w, https://a3copiseny.com/impresxa3/wp-content/uploads/2023/10/espuma-salva-nariz-careta-a3copiseny-512x323.webp 512w, https://a3copiseny.com/impresxa3/wp-content/uploads/2023/10/espuma-salva-nariz-careta-a3copiseny-416x262.webp 416w" sizes="auto, (max-width: 600px) 100vw, 600px" /> Esto hará que el centro de la careta apoye sobre nuestra nariz y la espuma repose en nuestra frente. Esta disposición mantiene la careta más perpendicular a nuestra cara, ofreciendo un mejor aspecto desde el exterior y gran comodidad durante largas horas de uso.</p>
<h3><strong>Sobre las fotos de baja calidad para máscaras y caretas personalizadas</strong></h3>
<p>Nos hemos dado cuenta de que en muchos casos, las imágenes que recibimos para imprimir las caretas personalizadas tienen una calidad muy baja. Sabemos lo difícil que puede ser encontrar fotografías de personas en vista frontal y con alta resolución para este propósito. Es por eso que <strong>hemos invertido en un sistema de mejora y recuperación facial mediante inteligencia artificial que aumenta significativamente la calidad y el detalle de las imágenes de manera sorprendente</strong>, y lo mejor de todo es que <strong>ofrecemos este servicio sin ningún coste adicional para ti</strong>.</p>
<p>Si detectamos que la imagen que nos envías tiene una baja calidad, te enviaremos una muestra comparativa de la foto mejorada con inteligencia artificial antes de imprimir tus caretas. Queremos asegurarnos de que estés completamente satisfecho/a con el resultado final.</p>
<p><strong>IMPORTANTE:</strong> Para obtener los mejores resultados, asegúrate de que la imagen para la careta tenga una alta resolución, buena iluminación con sombras suaves, <strong>sin elementos que obstruyan la cara y mirando de frente</strong>.</p>
<p><strong>Nota:</strong> Cuando se soliciten únicamente los agujeros para los ojos, se mantendrá el fondo original de la fotografía sin alteraciones. Solo se rotará la imagen si es necesario para asegurar que los ojos queden centrados y alineados horizontalmente.</p>
<h3>Opciones para tus caretas personalizadas</h3>
<ol>
<li><strong>Selecciona la Opción de Corte:</strong>
<ul>
<li><strong>Solamente los agujeros de los ojos:</strong> En este caso únicamente incluiremos los agujeros de los ojos. Deberás recortar manualmente con unas tijeras el contorno de la cara.</li>
<li><strong>Ojos + Contorno completo de la careta:</strong> Además de los ojos, cortaremos con gran precisión el contorno completo de la cara.
<ul>
<li>En este caso se desplegará la opción para indicar si tu vas a crear el trazado de corte del contorno de la cara y nos lo enviarás junto a la imagen en un PDF, en cuyo caso obtendrás un pequeño descuento. Pero si no quieres complicarte la vida, confía en nuestra profesionalidad y déjalo en nuestras manos.<strong>*</strong></li>
</ul>
</li>
</ul>
</li>
<li><strong>Selecciona si quieres goma</strong>. Si optas por ello, incluiremos las gomas (sin montar o montadas según elijas) con nuestro sistema de sujeción <strong><em>Clean Face</em></strong> mediante adhesivos.</li>
<li><strong>¿Prefieres un palo de cartón?</strong> Decide si deseas que agreguemos una tira de cartón grueso con adhesivo en un extremo. Elije si lo quieres montado.</li>
<li><strong>Elige espuma salva nariz</strong> para disfrutar de una mayor comodidad durante horas de uso. Elije si la quieres sin montar o montada por nosotros.</li>
<li><strong>Adjunta el archivo personalizado</strong>. Utiliza el formato de imagen JPG o PNG. En caso que incluyas la forma de corte, recuerda guardar tu archivo en formato PDF.</li>
<li><strong>Selecciona la cantidad</strong>, añade al carrito, revisa los dados y completa tu pedido. ¡Listo para la diversión!</li>
</ol>
<p><strong>*</strong>El coste de crear la forma de corte es un cargo fijo y global, independiente del número total de copias solicitadas.<br />
Si deseas crear varias caras distintas, deberás agregarlas como productos independientes al carrito, junto con sus archivos correspondientes y la cantidad de copias deseada.</p>
<h3>Nuestras Máscaras de Caras Personalizadas son perfectas para:</h3>
<ul>
<li><strong>Fiestas de Cumpleaños:</strong> Sorprende a tus invitados con máscaras de caras graciosas y memorables.</li>
<li><strong>Despedidas de Soltero/a:</strong> Añade un toque de diversión a la celebración de soltería de tus amigos.</li>
<li><strong>Eventos Corporativos:</strong> Personaliza máscaras con el logo de tu empresa para eventos o ferias comerciales.</li>
<li><strong>Fiestas Temáticas:</strong> Complementa tu fiesta temática con máscaras personalizadas que se adapten al ambiente.</li>
</ul>
<h4><em><strong>¡Agrega un toque único a tus eventos! La diversión hecha a tu medida</strong></em></h4>
<h4><strong><span style="color: #ff0000;">NOVEDAD:</span> Te invitamos también a conocer las nuevas <a href="https://a3copiseny.com/impresxa3/mascaras-y-caretas-de-calaveras-mexicanas/">Máscaras y Caretas de Calaveras Mexicanas</a></strong></h4>

<p>En A3 COPISENY, creemos que los momentos especiales merecen un enfoque personalizado. ¡Añade diversión y originalidad a tus celebraciones con nuestras Máscaras y Caretas Personalizadas para Fiestas y Eventos! Prepárate para crear recuerdos inolvidables y muchas risas. ¿Qué nos hace únicos? Nos esforzamos por superar las expectativas. A diferencia de la mayoría de nuestros competidores, [&hellip;]</p>
