{"id":717,"date":"2022-08-24T13:09:20","date_gmt":"2022-08-24T11:09:20","guid":{"rendered":"https:\/\/a3copiseny.com\/impresxa3\/?post_type=product&#038;p=717"},"modified":"2025-10-28T22:26:15","modified_gmt":"2025-10-28T21:26:15","slug":"calendario-de-pared","status":"publish","type":"product","link":"https:\/\/a3copiseny.com\/impresxa3\/calendario-de-pared\/","title":{"rendered":"Calendario de pared 2026"},"content":{"rendered":"<h4>Descubre la funcionalidad y claridad del Calendario de pared 2026. Organiza tus eventos con estilo y no pierdas de vista tus citas, viajes, reuniones, compras, aniversarios, etc. <strong>\u00a1Un planificador familiar esencial!<\/strong><\/h4>\n<hr \/>\n<h4><strong>A\u00f1ade a tu carrito <a href=\"https:\/\/a3copiseny.com\/impresxa3\/pegatinas-marcadores-eventos-citas-calendario\/\" target=\"_blank\" rel=\"noopener\">estos marcadores adhesivos<\/a> para el calendario en formato A3<\/strong><\/h4>\n<hr \/>\n<h4><strong>Opciones<\/strong><\/h4>\n<ul>\n<li><strong>Formato:<\/strong> Selecciona entre A5 (210 x 148 mm), A4 (297 x 210 mm) o A3 (420 x 297 mm).<\/li>\n<li><strong>Tama\u00f1o de los n\u00fameros:<\/strong> Elige entre n\u00fameros de d\u00edas en tama\u00f1o mayor, o mediano con m\u00e1s espacio para anotaciones diarias.<\/li>\n<li><strong>Idioma:<\/strong> Escoge Espa\u00f1ol o Catal\u00e0.<\/li>\n<li><strong>Festivos:<\/strong> Elige los festivos gen\u00e9ricos para Espa\u00f1a o los de Catalunya a\u00f1adidos a los primeros.<\/li>\n<li><strong>Opci\u00f3n de a\u00f1adir Santoral<\/strong> en Espa\u00f1ol o en Catal\u00e0.<\/li>\n<li><strong>Portada Personalizada (Opcional):<\/strong> A\u00f1ade tu propia portada para el calendario de pared. Descarga a continuaci\u00f3n la plantilla con la medida deseada para comenzar a dise\u00f1arla.<\/li>\n<\/ul>\n<h3><strong>Descarga la plantilla en formato PSD y ed\u00edtala en <a href=\"https:\/\/www.photopea.com\/\" target=\"_blank\" rel=\"nofollow noopener\">Photopea<\/a><\/strong><\/h3>\n<table style=\"height: 72px; width: 250px; border-collapse: collapse; border-color: #006d75; border-style: none; float: left;\" border=\"5\" cellspacing=\"1\" cellpadding=\"1\">\n<tbody>\n<tr>\n<td style=\"width: 246px;\"><span style=\"color: #000000;\"><strong>Formato PDF<\/strong><\/span><\/td>\n<\/tr>\n<tr style=\"height: 18px;\">\n<td style=\"width: 246px; height: 18px;\"><a title=\"Formato Acrobat PDF\" href=\"https:\/\/a3copiseny.com\/PDF\/plantilla-portada-calendario-a5.pdf\" target=\"_blank\" rel=\"noopener\">Plantilla portada A5 PDF<\/a><\/td>\n<\/tr>\n<tr style=\"height: 18px;\">\n<td style=\"width: 246px; height: 18px;\"><a title=\"Formato Acrobat PDF\" href=\"https:\/\/a3copiseny.com\/PDF\/plantilla-portada-calendario-a4.pdf\" target=\"_blank\" rel=\"noopener\">Plantilla portada A4 PDF<\/a><\/td>\n<\/tr>\n<tr style=\"height: 18px;\">\n<td style=\"width: 246px; height: 18px;\"><a title=\"Formato Acrobat PDF\" href=\"https:\/\/a3copiseny.com\/PDF\/plantilla-portada-calendario-a3.pdf\" target=\"_blank\" rel=\"noopener\">Plantilla portada A3 PDF<\/a><\/td>\n<\/tr>\n<\/tbody>\n<\/table>\n<table style=\"height: 72px; width: 250px; border-collapse: collapse; border-color: #006d75; border-style: none; float: left;\" border=\"5\" cellspacing=\"1\" cellpadding=\"1\">\n<tbody>\n<tr>\n<td style=\"width: 246px;\"><span style=\"color: #000000;\"><strong>Formato Photopea<\/strong><\/span><\/td>\n<\/tr>\n<tr style=\"height: 18px;\">\n<td style=\"width: 246px; height: 18px;\"><a title=\"Formato Photopea\" href=\"https:\/\/a3copiseny.com\/PSD\/plantilla-portada-calendario-a5.psd\" target=\"_blank\" rel=\"noopener\">Plantilla portada A5 PSD<\/a><\/td>\n<\/tr>\n<tr style=\"height: 18px;\">\n<td style=\"width: 246px; height: 18px;\"><a title=\"Formato Photopea\" href=\"https:\/\/a3copiseny.com\/PSD\/plantilla-portada-calendario-a4.psd\" target=\"_blank\" rel=\"noopener\">Plantilla portada A4 PSD<\/a><\/td>\n<\/tr>\n<tr style=\"height: 18px;\">\n<td style=\"width: 246px; height: 18px;\"><a title=\"Formato Photopea\" href=\"https:\/\/a3copiseny.com\/PSD\/plantilla-portada-calendario-a3.psd\" target=\"_blank\" rel=\"noopener\">Plantilla portada A3 PSD<\/a><\/td>\n<\/tr>\n<\/tbody>\n<\/table>\n<p>&nbsp;<\/p>\n<p><iframe loading=\"lazy\" title=\"C\u00f3mo personalizar la portada de tu CALENDARIO con Photopea \ud83d\udcc6\u2728F\u00e1cil y R\u00e1pido\" width=\"600\" height=\"450\" src=\"https:\/\/www.youtube.com\/embed\/qX0Ns1-xgU0?feature=oembed\" frameborder=\"0\" allow=\"accelerometer; autoplay; clipboard-write; encrypted-media; gyroscope; picture-in-picture; web-share\" referrerpolicy=\"strict-origin-when-cross-origin\" allowfullscreen><\/iframe><\/p>\n<h4><strong>Caracter\u00edsticas Destacadas del Calendario:<\/strong><\/h4>\n<ul>\n<li>Calendario de 12 hojas (m\u00e1s portada opcional).<\/li>\n<li>Incluye n\u00fameros de semana, mes y a\u00f1o 2026.<\/li>\n<li>Mes actual en grande, anterior y siguiente en peque\u00f1o.<\/li>\n<li>Indicaci\u00f3n de fases lunares y cambios de estaci\u00f3n.<\/li>\n<li>Cambio horario de verano e invierno.<\/li>\n<li>N\u00fameros grandes y legibles, especialmente en formato DIN A3.<\/li>\n<li>Espacio para notas junto a los d\u00edas, mayor si eliges: N\u00fameros medianos + notas.<\/li>\n<li>Suaves gradados de fondo para diferenciar festivos, s\u00e1bados y laborales.<\/li>\n<li>Encuadernado con doble espiral met\u00e1lica (wire-o) y colgador resistente.<\/li>\n<li>Troquelado superior con media luna para pasar las p\u00e1ginas sobre el colgador.<\/li>\n<li>Impresi\u00f3n a color por una cara sobre papel offset de 100gr, ideal para escribir.<\/li>\n<li>Opcionalmente: Portada impresa a color sobre papel estucado mate de 200gr.<\/li>\n<\/ul>\n<h4><strong>\u00bfPor qu\u00e9 elegir nuestros Calendarios?<\/strong><\/h4>\n<ul>\n<li>Dise\u00f1os \u00fanicos que no encontrar\u00e1s en otro lugar.<\/li>\n<li>Precios competitivos y sin cantidad m\u00ednima de compra.<\/li>\n<li>Descuento por cantidad en pasos de 1.<\/li>\n<li>Env\u00edo r\u00e1pido y seguro a cualquier parte de la pen\u00ednsula (Espa\u00f1a).<\/li>\n<li>Normalmente tus calendarios ser\u00e1n enviados en un plazo de 2 a 7 d\u00edas (en funci\u00f3n de la cantidad solicitada).<\/li>\n<\/ul>\n<h4><strong>D\u00edas festivos para Espa\u00f1a y Catalunya 2026<\/strong><\/h4>\n<p style=\"padding-left: 40px;\"><strong><span style=\"text-decoration: underline;\">Festivos en Espa\u00f1a:<\/span><br \/>\n<\/strong>1 de enero: A\u00f1o Nuevo<br \/>\n6 de enero: D\u00eda de Reyes<br \/>\n3 de abril: Viernes Santo<br \/>\n1 de mayo: Fiesta del trabajo<br \/>\n15 de agosto: Asunci\u00f3n de Nuestra Se\u00f1ora<br \/>\n12 de octubre: Fiesta de la Hispanidad<br \/>\n1 de noviembre: D\u00eda de Todos los Santos<br \/>\n6 de diciembre: D\u00eda de la Constituci\u00f3n Espa\u00f1ola<br \/>\n8 de diciembre: Inmaculada Concepci\u00f3n<br \/>\n25 de diciembre: Navidad<\/p>\n<p style=\"padding-left: 40px;\"><strong><span style=\"text-decoration: underline;\">Festivos en Catalunya (a\u00f1adiendo a los anteriores):<\/span><br \/>\n<\/strong>6 d\u2019abril: Dilluns de Pasqua<br \/>\n24 de juny: Sant Joan<br \/>\n11 de setembre: Diada de Catalunya<br \/>\n26 de desembre: Sant Esteve<\/p>\n","protected":false},"excerpt":{"rendered":"<h4>Anota todas las citas que os importan a ti y a tus seres queridos en este Calendario de pared de f\u00e1cil lectura.<br \/>\n<span style=\"color: #000000;\"><strong>Ahorra aprovechando el gran DESCUENTO<\/strong><\/span><strong> a partir de 2 unidades!!<\/strong><\/h4>\n","protected":false},"featured_media":2426,"comment_status":"open","ping_status":"closed","template":"","meta":{"_monsterinsights_skip_tracking":false,"_monsterinsights_sitenote_active":false,"_monsterinsights_sitenote_note":"","_monsterinsights_sitenote_category":0},"product_brand":[],"product_cat":[21],"product_tag":[59,179,161,178,127,180,177,181,176,122],"class_list":{"0":"post-717","1":"product","2":"type-product","3":"status-publish","4":"has-post-thumbnail","6":"product_cat-calendarios-y-agendas","7":"product_tag-calendario-de-pared","8":"product_tag-calendario-de-pared-grande","9":"product_tag-calendario-mensual","10":"product_tag-diseno-de-calendario-de-pared","11":"product_tag-herramienta-de-productividad","12":"product_tag-organizacion-de-pared","13":"product_tag-organizador-de-pared","14":"product_tag-planificacion-mensual","15":"product_tag-planificador-de-pared","16":"product_tag-planificador-de-tiempo","18":"first","19":"instock","20":"sold-individually","21":"taxable","22":"shipping-taxable","23":"purchasable","24":"product-type-simple"},"_links":{"self":[{"href":"https:\/\/a3copiseny.com\/impresxa3\/wp-json\/wp\/v2\/product\/717","targetHints":{"allow":["GET"]}}],"collection":[{"href":"https:\/\/a3copiseny.com\/impresxa3\/wp-json\/wp\/v2\/product"}],"about":[{"href":"https:\/\/a3copiseny.com\/impresxa3\/wp-json\/wp\/v2\/types\/product"}],"replies":[{"embeddable":true,"href":"https:\/\/a3copiseny.com\/impresxa3\/wp-json\/wp\/v2\/comments?post=717"}],"wp:featuredmedia":[{"embeddable":true,"href":"https:\/\/a3copiseny.com\/impresxa3\/wp-json\/wp\/v2\/media\/2426"}],"wp:attachment":[{"href":"https:\/\/a3copiseny.com\/impresxa3\/wp-json\/wp\/v2\/media?parent=717"}],"wp:term":[{"taxonomy":"product_brand","embeddable":true,"href":"https:\/\/a3copiseny.com\/impresxa3\/wp-json\/wp\/v2\/product_brand?post=717"},{"taxonomy":"product_cat","embeddable":true,"href":"https:\/\/a3copiseny.com\/impresxa3\/wp-json\/wp\/v2\/product_cat?post=717"},{"taxonomy":"product_tag","embeddable":true,"href":"https:\/\/a3copiseny.com\/impresxa3\/wp-json\/wp\/v2\/product_tag?post=717"}],"curies":[{"name":"wp","href":"https:\/\/api.w.org\/{rel}","templated":true}]}}

<h4>Descubre la funcionalidad y claridad del Calendario de pared 2026. Organiza tus eventos con estilo y no pierdas de vista tus citas, viajes, reuniones, compras, aniversarios, etc. <strong>¡Un planificador familiar esencial!</strong></h4>
<hr />
<h4><strong>Añade a tu carrito <a href="https://a3copiseny.com/impresxa3/pegatinas-marcadores-eventos-citas-calendario/" target="_blank" rel="noopener">estos marcadores adhesivos</a> para el calendario en formato A3</strong></h4>
<hr />
<h4><strong>Opciones</strong></h4>
<ul>
<li><strong>Formato:</strong> Selecciona entre A5 (210 x 148 mm), A4 (297 x 210 mm) o A3 (420 x 297 mm).</li>
<li><strong>Tamaño de los números:</strong> Elige entre números de días en tamaño mayor, o mediano con más espacio para anotaciones diarias.</li>
<li><strong>Idioma:</strong> Escoge Español o Català.</li>
<li><strong>Festivos:</strong> Elige los festivos genéricos para España o los de Catalunya añadidos a los primeros.</li>
<li><strong>Opción de añadir Santoral</strong> en Español o en Català.</li>
<li><strong>Portada Personalizada (Opcional):</strong> Añade tu propia portada para el calendario de pared. Descarga a continuación la plantilla con la medida deseada para comenzar a diseñarla.</li>
</ul>
<h3><strong>Descarga la plantilla en formato PSD y edítala en <a href="https://www.photopea.com/" target="_blank" rel="nofollow noopener">Photopea</a></strong></h3>
<table style="height: 72px; width: 250px; border-collapse: collapse; border-color: #006d75; border-style: none; float: left;" border="5" cellspacing="1" cellpadding="1">
<tbody>
<tr>
<td style="width: 246px;"><span style="color: #000000;"><strong>Formato PDF</strong></span></td>
</tr>
<tr style="height: 18px;">
<td style="width: 246px; height: 18px;"><a title="Formato Acrobat PDF" href="https://a3copiseny.com/PDF/plantilla-portada-calendario-a5.pdf" target="_blank" rel="noopener">Plantilla portada A5 PDF</a></td>
</tr>
<tr style="height: 18px;">
<td style="width: 246px; height: 18px;"><a title="Formato Acrobat PDF" href="https://a3copiseny.com/PDF/plantilla-portada-calendario-a4.pdf" target="_blank" rel="noopener">Plantilla portada A4 PDF</a></td>
</tr>
<tr style="height: 18px;">
<td style="width: 246px; height: 18px;"><a title="Formato Acrobat PDF" href="https://a3copiseny.com/PDF/plantilla-portada-calendario-a3.pdf" target="_blank" rel="noopener">Plantilla portada A3 PDF</a></td>
</tr>
</tbody>
</table>
<table style="height: 72px; width: 250px; border-collapse: collapse; border-color: #006d75; border-style: none; float: left;" border="5" cellspacing="1" cellpadding="1">
<tbody>
<tr>
<td style="width: 246px;"><span style="color: #000000;"><strong>Formato Photopea</strong></span></td>
</tr>
<tr style="height: 18px;">
<td style="width: 246px; height: 18px;"><a title="Formato Photopea" href="https://a3copiseny.com/PSD/plantilla-portada-calendario-a5.psd" target="_blank" rel="noopener">Plantilla portada A5 PSD</a></td>
</tr>
<tr style="height: 18px;">
<td style="width: 246px; height: 18px;"><a title="Formato Photopea" href="https://a3copiseny.com/PSD/plantilla-portada-calendario-a4.psd" target="_blank" rel="noopener">Plantilla portada A4 PSD</a></td>
</tr>
<tr style="height: 18px;">
<td style="width: 246px; height: 18px;"><a title="Formato Photopea" href="https://a3copiseny.com/PSD/plantilla-portada-calendario-a3.psd" target="_blank" rel="noopener">Plantilla portada A3 PSD</a></td>
</tr>
</tbody>
</table>
<p>&nbsp;</p>
<p><iframe loading="lazy" title="Cómo personalizar la portada de tu CALENDARIO con Photopea 📆✨Fácil y Rápido" width="600" height="450" src="https://www.youtube.com/embed/qX0Ns1-xgU0?feature=oembed" frameborder="0" allow="accelerometer; autoplay; clipboard-write; encrypted-media; gyroscope; picture-in-picture; web-share" referrerpolicy="strict-origin-when-cross-origin" allowfullscreen></iframe></p>
<h4><strong>Características Destacadas del Calendario:</strong></h4>
<ul>
<li>Calendario de 12 hojas (más portada opcional).</li>
<li>Incluye números de semana, mes y año 2026.</li>
<li>Mes actual en grande, anterior y siguiente en pequeño.</li>
<li>Indicación de fases lunares y cambios de estación.</li>
<li>Cambio horario de verano e invierno.</li>
<li>Números grandes y legibles, especialmente en formato DIN A3.</li>
<li>Espacio para notas junto a los días, mayor si eliges: Números medianos + notas.</li>
<li>Suaves gradados de fondo para diferenciar festivos, sábados y laborales.</li>
<li>Encuadernado con doble espiral metálica (wire-o) y colgador resistente.</li>
<li>Troquelado superior con media luna para pasar las páginas sobre el colgador.</li>
<li>Impresión a color por una cara sobre papel offset de 100gr, ideal para escribir.</li>
<li>Opcionalmente: Portada impresa a color sobre papel estucado mate de 200gr.</li>
</ul>
<h4><strong>¿Por qué elegir nuestros Calendarios?</strong></h4>
<ul>
<li>Diseños únicos que no encontrarás en otro lugar.</li>
<li>Precios competitivos y sin cantidad mínima de compra.</li>
<li>Descuento por cantidad en pasos de 1.</li>
<li>Envío rápido y seguro a cualquier parte de la península (España).</li>
<li>Normalmente tus calendarios serán enviados en un plazo de 2 a 7 días (en función de la cantidad solicitada).</li>
</ul>
<h4><strong>Días festivos para España y Catalunya 2026</strong></h4>
<p style="padding-left: 40px;"><strong><span style="text-decoration: underline;">Festivos en España:</span><br />
</strong>1 de enero: Año Nuevo<br />
6 de enero: Día de Reyes<br />
3 de abril: Viernes Santo<br />
1 de mayo: Fiesta del trabajo<br />
15 de agosto: Asunción de Nuestra Señora<br />
12 de octubre: Fiesta de la Hispanidad<br />
1 de noviembre: Día de Todos los Santos<br />
6 de diciembre: Día de la Constitución Española<br />
8 de diciembre: Inmaculada Concepción<br />
25 de diciembre: Navidad</p>
<p style="padding-left: 40px;"><strong><span style="text-decoration: underline;">Festivos en Catalunya (añadiendo a los anteriores):</span><br />
</strong>6 d’abril: Dilluns de Pasqua<br />
24 de juny: Sant Joan<br />
11 de setembre: Diada de Catalunya<br />
26 de desembre: Sant Esteve</p>

<h4>Anota todas las citas que os importan a ti y a tus seres queridos en este Calendario de pared de fácil lectura.<br />
<span style="color: #000000;"><strong>Ahorra aprovechando el gran DESCUENTO</strong></span><strong> a partir de 2 unidades!!</strong></h4>
